 0*v = g - 25. Calculate the remainder when t(-6) is divided by v.
5
Let v(h) = 2*h**2 + 8*h - 1. Calculate the remainder when 89 is divided by v(-6).
20
Suppose 0 = -4*n - n - 65. Let a = -3 - n. Suppose -57 = -5*v + 33. Calculate the remainder when v is divided by a.
8
Suppose -5*s + 2*q + 20 = -126, 4*s - 109 = -q. Suppose 2*a = 14 + 6. What is the remainder when s is divided by a?
8
Let x = -220 - -155. Let v = -34 - x. Suppose 52 = 4*i - 4*r, -5*i + 63 = -0*i - 4*r. Calculate the remainder when v is divided by i.
9
Let p(w) = -w**3 - 2*w**2 + 7*w + 9. What is the remainder when p(-4) is divided by 3?
1
Let u be (-4 + 3 - 1)*2. Calculate the remainder when 33 is divided by (-2)/u + (-68)/(-8).
6
Suppose -5*t + 4 = -3*m, 5*m = 2*m + 3*t. What is the remainder when 3 is divided by m?
1
Calculate the remainder when 202 + (-7 + -3)/5 is divided by 51.
47
Suppose -2*z + 3*z + 11 = 2*q, q - z = 8. Let y(i) = 5*i. What is the remainder when 44 is divided by y(q)?
14
Let m(u) = -u**3 + 2*u**2 + 4*u - 2. Let f be m(3). Let h = -48 + 77. Calculate the remainder when h is divided by (f - 2) + (7 - -4).
9
Let a(c) = c**2 - c + 5. What is the remainder when a(4) is divided by 7?
3
Let l = -70 + 101. Calculate the remainder when 90 is divided by l.
28
Suppose -a + 5 = -2. Let p(s) = -s**2 - 9*s - 2. Calculate the remainder when p(-7) is divided by a.
5
Let n(h) = h**3 - h**2 + 40. Let b be n(0). Suppose -29*m + b = -24*m. Calculate the remainder when 30 is divided by m.
6
Let q = -7 + 15. What is the remainder when q is divided by 5?
3
Let o = 94 - 67. Suppose 2*a - 26 = -2*s, 5*s + 4 = 2*a - 1. Calculate the remainder when o is divided by a.
7
Let m be 3 + 118 + -3 + 0. Suppose 0*d - 6 = -3*d, -2*x + m = -5*d. Suppose 2*r - 4*r = -x. What is the remainder when r is divided by 11?
10
Let n be 2/10 + 16/20. Calculate the remainder when (-1)/(((-2)/94)/n) is divided by 16.
15
Suppose -5*m = -2*t - 17, -3*t - 4*m - 13 = -9*m. Suppose -3*g - 26 = -8*g + t*z, 5*g - 18 = 2*z. Calculate the remainder when 7 is divided by g + (3 - 2/1).
1
Let p = -89 - -160. Suppose -3*l + p = -49. Suppose 0 = -5*m - 30 + 100. Calculate the remainder when l is divided by m.
12
Let l(h) = -h**3 - 6*h**2 - 2*h + 8. Let s = 7 - 0. Calculate the remainder when l(-6) is divided by s.
6
Let g(t) = 2*t + 2. Let s be g(-5). Let c = s - -13. Suppose -l = -c*l + 5*h + 43, -3*l - 5*h + 41 = 0. Calculate the remainder when 35 is divided by l.
11
Let j be -4 - -1 - (-2 + 0). Let l be (-4)/2 - (-27 - j). Let o = -9 + l. What is the remainder when o is divided by 8?
7
Let u be (-2)/5 + (-6)/(-15). Suppose 5*g + 3*x - 114 = 0, u = 3*g - 0*x - x - 74. Calculate the remainder when 47 is divided by g.
23
Suppose 4*g + 20 = 4*z, 4*z - g - 8 = 2*z. Calculate the remainder when 32 is divided by -1 + (16 - (z - 0)).
8
Let c = 186 + -69. Calculate the remainder when c is divided by 17.
15
Let p(f) = -f - 1. Let c be p(3). Let s(l) = l**2 - l - 3. What is the remainder when s(c) is divided by 10?
7
Suppose -3*x + 40 = 2*x. Calculate the remainder when 13 is divided by x.
5
Let v be 4/30 - 931/(-105). Suppose k + v = 5*f, 0 = 3*f + 2 - 11. Calculate the remainder when k is divided by 4.
2
Let y(g) = -13*g**3 - 2*g - 1. Calculate the remainder when 26 is divided by y(-1).
12
Let t be (-29)/2 + (-2)/4. What is the remainder when 39 is divided by (-4)/(-6) + (-290)/t?
19
Let k = 227 - 148. Let g = k - -61. Let n = g - 93. Calculate the remainder when n is divided by 12.
11
Calculate the remainder when 42 is divided by (1 - (-12)/3) + 4.
6
Suppose 3 = 2*s + 1. Let n(z) = 53*z. What is the remainder when n(s) is divided by 18?
17
Let r be (-1 - -6)*6/10. Suppose -r*o = o - 64. Calculate the remainder when (-20)/(-8)*(12 + 0) is divided by o.
14
Let i(c) = c**3 + 14*c**2 + 14*c + 7. Calculate the remainder when i(-9) is divided by 16.
14
Let t = -21 + 35. Let k(w) = -w**2 - w + 39. What is the remainder when k(0) is divided by t?
11
Suppose -h - 16 = 3*h, -4*z = -2*h - 124. Calculate the remainder when 143 is divided by z.
27
Suppose 60 + 65 = 5*r. Let x(c) = c**3 - 3*c**2 - 7*c + 7. Let d be x(5). Let u = r + d. What is the remainder when u is divided by 16?
15
Let d be -1 - 2/(-2)*12. Suppose -4*y - 3*k = -57, -3*y - 2*k = 3*k - 29. Let z = y - d. What is the remainder when z is divided by 3?
1
Suppose -4*r + 2*r + 3*k - 12 = 0, 5*r + 30 = 2*k. Let g be r/(7/2 - 2). What is the remainder when 71 is divided by ((-4)/(-3))/(g/(-72))?
23
Let f = -2 + 5. Let j = 0 + f. Calculate the remainder when (-1)/(j/(-9)) + 18 is divided by 8.
5
Suppose 0 = -4*s + 4*o + 44, 4*o - 55 = -5*s - 0*o. Let z = 15 - s. What is the remainder when z is divided by 3?
1
Suppose -3*j + w + w = -10, 5*j = -3*w + 42. Calculate the remainder when (2/j)/((-9)/(-999)) is divided by 13.
11
Let s(g) = -g**3 + 9*g**2 + 11*g - 8. Let x be s(10). Suppose -5*m = -h - 158, -3*m = -x*m - h - 30. Calculate the remainder when m is divided by 11.
10
Let j be (-11 + 1)*1/(-2). Suppose j*s - 4 + 14 = 0. What is the remainder when 0 - -1 - (-21 - s) is divided by 11?
9
Suppose -2*o = 3*o - 1150. Suppose 6*t = t + o. What is the remainder when t is divided by 12?
10
Let p(y) = y**2 + 10*y + 3. Let l be p(-10). Suppose l*t = -4 + 55. Calculate the remainder when 31 is divided by t.
14
Suppose -3*h + 2*h + 30 = 0. Let v be -1*0/(-3) - h. Let l = v - -45. Calculate the remainder when 29 is divided by l.
14
Suppose -4*s = -z + 30, -4*z + 3*s = 2*s - 75. Calculate the remainder when z is divided by 5.
3
Suppose m + 4*f - 4 = -3*m, m = 4*f + 6. Suppose -4*s = -2*p + 36, 5*p - m*s = -3*s + 134. What is the remainder when p is divided by 7?
5
Let m(u) = -7*u + 2. Suppose 0 = 5*i + 12 - 32. Suppose r + 29 = -i*f + 108, 0 = 4*r - 12. What is the remainder when m(-5) is divided by f?
18
Let f = 45 + -26. Calculate the remainder when f is divided by 7.
5
Calculate the remainder when 37 is divided by (-7)/(-3*(-4)/(-24)).
9
Let t = -17 + 23. Suppose 30 + 54 = t*k. Calculate the remainder when 26 is divided by k.
12
What is the remainder when 18 is divided by 2 + (120/4)/3?
6
Let z = 65 + -35. Let r = -13 + 21. Calculate the remainder when z is divided by r.
6
Let j(b) = -12*b - 1. Let f(d) = -d**3 - 3*d**2 - 3*d - 3. Let o be f(-2). Let y = 70 + -39. Calculate the remainder when y is divided by j(o).
9
Let c(m) = m**3 + 6*m**2 - 8*m - 9. Let i be c(-7). What is the remainder when 15/25 + i/(-5) is divided by 1?
0
Let l(o) = -o**2 + 13*o + 9. Let b(q) = 3*q + 1. What is the remainder when l(7) is divided by b(4)?
12
Let b(z) = 5 - 7*z - 9 + 2. Calculate the remainder when b(-2) is divided by 5.
2
Let i(d) = -d**2 - 12*d - 5. Let m(r) = -r**3 + r**2 - r. Let b be m(2). Let h be i(b). Let v = h + 2. Calculate the remainder when v is divided by 17.
16
Suppose -4 = -2*v - x, -v + 0*x + 2 = -x. Suppose 3*b = 5*a - 85, 4*b - v*b + 51 = 3*a. Calculate the remainder when a is divided by 6.
5
Let m be (-6)/(-3) + (-16)/1. Let c = m + 26. Let t(f) = -31*f + 2. What is the remainder when t(-1) is divided by c?
9
Suppose 0 = d - 2*j - 103 - 4, -3*j = 3. Calculate the remainder when d is divided by 36.
33
Let z(o) = -o + 14. Let v be z(11). Suppose -48 + v = -3*t. What is the remainder when 28 is divided by t?
13
Let a = -170 + 303. Suppose 5*m - a = -5*o - 33, -m = -2*o - 8. Calculate the remainder when m is divided by 1 - 12/9*-6.
7
Let n be ((-1)/3)/(1/(-12)). Suppose 2*u + n = 4*u. Calculate the remainder when 6 is divided by u.
0
Let t(z) = -7*z + 6. What is the remainder when 98 is divided by t(-2)?
18
Let a = 82 - 69. Let f be (1 + -2)/((-2)/58). Let g = a + f. What is the remainder when g is divided by 11?
9
Let t(k) = k**2 + 5*k + 4. Suppose 5*y - 15 = -0. Suppose y*q = -q + 12. What is the remainder when t(-5) is divided by q?
1
Suppose 0 = -2*m + m - 5*y + 61, -m + 45 = -3*y. What is the remainder when m is divided by 11?
7
Let n(c) be the third derivative of c**5/60 - c**4/6 - 11*c**3/6 - 5*c**2. Calculate the remainder when n(10) is divided by 17.
15
Let h(c) = c**3 - 2*c**2 - 3*c + 3. Suppose 2*o - 16 = -4. Calculate the remainder when h(4) is divided by o.
5
Suppose -3*z + 88 = z. Let q(s) = 3*s + 2. Let r be (-4 - 1)*(-2)/5. Calculate the remainder when z is 